ime factors of j.
3, 7
Let c(x) = -3*x + 29. Let p(i) = i. Let m(r) = -c(r) - p(r). Let w(u) = -u - 1. Let s(l) = -2*m(l) - 6*w(l). What are the prime factors of s(0)?
2
Suppose -3*g = 5*f - 11 - 5, 4*f - 14 = -3*g. Suppose -3*j + g*l + 84 = 0, -3*j + 5*l + 84 = 6*l. List the prime factors of j.
2, 7
Suppose -174 = 3*g - 2*v + 162, -3*v = 4*g + 431. Let x = -24 - g. List the prime factors of x.
2, 43
List the prime factors of 28/(2 - 3 - -2).
2, 7
Suppose -55 = -3*d + 269. Suppose -3*x + 29 = 5*z, -4*x - 12 = -5*z - 4. Suppose -d = -x*u - 3*u. What are the prime factors of u?
2, 3
Let m(o) = -o**2 - 2*o + 36. Let p be m(-10). Let n = p + 152. What are the prime factors of n?
2, 3
Let d be (6/4)/((-1)/4). Let x be ((-16)/d)/(2/3). Suppose -3*o - 50 = -x*c - 6, 4*o = 5*c - 54. List the prime factors of c.
2, 7
Suppose 5*s = i - 3*i - 249, 0 = -2*s + 2*i - 108. Let f = 41 - s. What are the prime factors of f?
2, 23
Let g = 19 + 23. Let t = g + -39. What are the prime factors of t?
3
Suppose 60*u + 1312 = 64*u. List the prime factors of u.
2, 41
Let g be (2 + 380)*1/2. Suppose 0 = -6*r + 1 + g. List the prime factors of r.
2
Suppose -4452 = 227*n - 229*n. What are the prime factors of n?
2, 3, 7, 53
Let j(i) be the first derivative of 25*i**3 - 2*i**2 + 3*i + 35. What are the prime factors of j(1)?
2, 37
Suppose l - 5*s + 9 = 0, 5*l + 0*s - 2*s + 22 = 0. What are the prime factors of (-6)/l*(-6 + 632/6)?
149
Let z(r) be the second derivative of r**5/20 - 5*r**4/6 - r**3/6 - 10*r**2 - 15*r. List the prime factors of z(11).
2, 3, 5
Let o(k) = -6*k**2 + 10. Let x = -24 - -20. Let a(q) = 5*q**2 - 10. Let h(m) = x*o(m) - 5*a(m). List the prime factors of h(0).
2, 5
Let h = -260 + 408. Suppose -r - 4*a = -4*r + 113, 4*a = 4*r - h. What are the prime factors of 14/r - 168/(-5)?
2, 17
Suppose o - t = -3*t + 316, 0 = 3*o - 4*t - 968. List the prime factors of 1 + 3/(15/o).
5, 13
Suppose 5*p - 2*m + m = 4245, -p + 2*m + 840 = 0. List the prime factors of p.
2, 5, 17
Let w = 27 + -20. Let n(z) = 2*z**3 - 14*z**2 + 8*z + 9. List the prime factors of n(w).
5, 13
Suppose 8 = 2*u - u - 5*q, -3*u + 3*q = -48. Let l be (-4)/u + 1174/18. Let k = l - 39. What are the prime factors of k?
2, 13
Let l(k) = -k**3 + 47*k**2 - 82*k - 246. What are the prime factors of l(43)?
2, 3, 151
Suppose 6 + 4 = h. Let m(x) = x**3 + 5*x**2 - 4*x - 6. Let j be m(-5). List the prime factors of j/(-35) - (-104)/h.
2, 5
Let o(i) be the first derivative of i**3/3 - 2*i**2 - 2*i + 17. List the prime factors of o(-6).
2, 29
Suppose -w - 3*w - 4*h = 0, w = 3*h + 12. Let u(l) = 11 + 0*l + 3*l - 5*l + w*l. What are the prime factors of u(11)?
2, 11
Let q = 118 - 84. Suppose 21 + 43 = -4*i. Let p = q + i. List the prime factors of p.
2, 3
Suppose 4*x - 5*x = -262. Suppose 4*y + 5*i - x = 0, 2*i = -0*y - 5*y + 319. Let o = -36 + y. List the prime factors of o.
3
Let j = 114 - 55. Let s(o) = -9*o + 11. Let n be s(1). Suppose 2*f - n*g - j = 111, 3 = -g. List the prime factors of f.
2, 41
Let p(b) = b**2 - 14*b - 18. Let o be p(15). Let n be (102/(-9))/((-8)/(-12)). Let s = o - n. What are the prime factors of s?
2, 7
Let c(x) = 7 + 0*x**2 - 4 - 7*x**3 - x**2 - 4*x**3. Let u be c(-2). Suppose 5*r = u + 128. What are the prime factors of r?
43
Let j be 0 + (3 - -1) + 2. List the prime factors of j*5/(-10)*-8.
2, 3
Let w(r) = -3*r. Let g be w(2). Let k = 102 + g. What are the prime factors of k?
2, 3
Let k = 131 - 86. Let h = k + -28. What are the prime factors of h?
17
Let o be 9*(0 + 2)*(-4)/(-8). Suppose -o*f = -7*f - 80. List the prime factors of f.
2, 5
Let p(n) = -10*n + 357. List the prime factors of p(-17).
17, 31
Suppose 53 = v + f, 2*f + 201 = 5*v - 43. What are the prime factors of v?
2, 5
Suppose -37 - 2 = -3*c. Suppose 3*h - 108 = -3*z, 4*z - c - 53 = -2*h. What are the prime factors of h?
3, 13
Suppose 0 = -2*y + 6*y - 60. List the prime factors of 1 - y*(-56)/12.
71
Let m be (97 + 4)/(-1) - -3. Let t = 147 + m. What are the prime factors of t?
7
Let p be -22*3/(-6)*5. Suppose -3*b = -7 + p. Let j = b - -22. List the prime factors of j.
2, 3
Suppose -2*u + 0 + 4 = 0. Suppose u*c - 25 = -5. Let g = -6 + c. List the prime factors of g.
2
Suppose -4*y = -4*z - 13 + 1, -z + 12 = 4*y. Let r = 13 - 3. List the prime factors of 3 + r + z + 2.
3, 5
What are the prime factors of -3 + 2/(-4)*-1110?
2, 3, 23
Suppose 2*c - 5*c = -15. Suppose c*f - 392 = -n, -4*f - 2*n - 39 = -349. What are the prime factors of f?
79
Suppose -4*b + 1274 = -66. Suppose 5*a - b = 65. Suppose -2*h = 3*h - a. What are the prime factors of h?
2
Let r(k) = -11*k - 3. Let w(u) = -22*u - 7. Let c(z) = -5*r(z) + 3*w(z). List the prime factors of c(-10).
2, 13
Suppose 25*g - 30*g - 2*y = -3895, 0 = -3*g + 3*y + 2337. List the prime factors of g.
19, 41
Let r be (-3)/(-2) + 8/(-16). What are the prime factors of ((-4)/(-6) + 1144/12)/r?
2, 3
Suppose 0 = 3*c + 4*j - 13 + 5, 5*c = -j + 2. Suppose c = 4*b + 4*i - 16, -b + 0 = -3*i - 4. List the prime factors of (-10 + 6)*(-22)/b.
2, 11
List the prime factors of -76*76/8*-1.
2, 19
Let o(a) = -a**3 - 14*a**2 - a - 140. List the prime factors of o(-20).
2, 3, 5, 19
Let c(z) = 7*z**2 + 3*z - 1. Let w(r) = 8*r**2 + 4*r - 1. Let o(b) = -4*c(b) + 3*w(b). Let i be o(1). What are the prime factors of i/(-4 + 723/183)?
61
Let s(z) = -z**3 + 16*z**2 + 22*z - 10. Let t be s(18). Let a = t - -376. What are the prime factors of a?
2, 3, 19
Let t = 24 - 22. Suppose 2*z - 4*l - 12 = 0, -4*z - 2*l - t = -3*z. What are the prime factors of (44 + -2)*(z + -1)?
2, 3, 7
Let g = -1168 + 2168. List the prime factors of g.
2, 5
Let u(q) = 382*q - 40. List the prime factors of u(6).
2, 563
Let u be (-10)/(-15)*(-1 + 7). Suppose p = k - 151, k + u*p = 101 + 25. List the prime factors of k.
2, 73
Suppose -11*b + 13*b = 532. List the prime factors of b.
2, 7, 19
Let m be 4/(-26) - (-2805)/65. Let c = m + -1. What are the prime factors of c?
2, 3, 7
Suppose -4*p = -4*z - 560, -5*p = -2*p - 15. Let v = -12 - z. What are the prime factors of v?
3, 41
Let r = 122 - -182. List the prime factors of r.
2, 19
Let q be (0 - (8 + -3))/(-1). Let t(i) = 4*i - 3*i - 7 - q*i. What are the prime factors of t(-7)?
3, 7
Let n be (-6)/(-9)*771*(-2)/4. Let y = n - -411. What are the prime factors of y?
2, 7, 11
Suppose -6*r = -1097 - 1837. Suppose -5*j = -8*j + r. List the prime factors of j.
163
Let y(n) = -n**3 + 12*n**2 - 11*n - 8. Let o be y(11). Let m = o + 11. Suppose -2*w + 38 = -2*g, 2*w + 2*g = -m*w + 88. List the prime factors of w.
2, 3
Suppose -267*b + 271*b = 1448. List the prime factors of b.
2, 181
Let y = 31 + -33. Let v(j) = j**2 + j + 2. Let t be v(y). Suppose -5*s = r - 26 - 9, t*r = -s + 45. List the prime factors of r.
2, 5
Let i(k) = 2*k**2 - 12*k + 12. Let t be i(8). Suppose 2*z - t = 28. List the prime factors of z.
2, 3
Suppose 5*m - 1042 = -2*y + 921, 4*y + 4 = 0. What are the prime factors of m?
3, 131
Let r = 9 - 7. Suppose 2*v = -2*z + 22, -4*v + 46 = r*z + 3*z. Let g = v - 0. What are the prime factors of g?
3
Suppose 0*b = b + n - 19, -2*b + 23 = -3*n. Suppose -760 = -b*h + 2344. What are the prime factors of h?
2, 97
Suppose -4 = 4*c + 8, c = -l - 1. Suppose -3*o + 13 = p + 2*o, 4*p + l*o = 70. What are the prime factors of p?
2, 3
Let y be 4/8*-6 + 141. Suppose 2*k - y = -4*u, -3*u + 100 = -3*k + k. List the prime factors of (3 + u/(-4))*-6.
3, 11
Let y = 1386 + -488. What are the prime factors of y?
2, 449
Suppose 3*l - 269 = -f, -f + l + 3*l + 304 = 0. What are the prime factors of f?
2, 71
Let q = 107 + -59. Suppose -u + 3*h = -3, 2*u + 0 - 6 = -h. Suppose 2*z - 5*m + 24 = u*z, q = z - m. List the prime factors of z.
2, 11
List the prime factors of (-40 + -1)*(-210 - -101).
41, 109
Let y(r) = 7 - 17*r + 3 - 5. Let h be y(4). Let o = h - -93. What are the prime factors of o?
2, 3, 5
Let f be 72/32 + (-2)/8. Let g = 4 + 0. Suppose f*m = 7*m - 5*n - 85, g*n = 0. List the prime factors of m.
17
Suppose 28*r - 1529 = 1187. What are the prime factors of r?
97
Suppose -527 = -6*j - 47. List the prime factors of j.
2, 5
Let n be (5 - -118)*(-4)/6. Let x = 135 + n. Suppose 467 = 6*h + x. What are the prime factors of h?
3, 23
Let d = 87 + -68. Let o(f) = -f**3 + 21*f**2 - 25*f + 26. List the p